{"id":12,"date":"2024-12-13T12:37:51","date_gmt":"2024-12-13T12:37:51","guid":{"rendered":"https:\/\/filminbrasil.com\/about\/"},"modified":"2025-05-29T12:59:08","modified_gmt":"2025-05-29T12:59:08","slug":"about","status":"publish","type":"page","link":"https:\/\/filminbrasil.com\/?page_id=12","title":{"rendered":"Quem somos"},"content":{"rendered":"\n<div class=\"wp-block-group alignfull has-background-background-color has-background\" style=\"margin-top:0;margin-bottom:0;padding-top:0;padding-right:0;padding-bottom:0;padding-left:0\"><div class=\"wp-block-group__inner-container is-layout-constrained wp-container-core-group-is-layout-cf14dc92 wp-block-group-is-layout-constrained\">\n<div class=\"wp-block-cover alignfull\" style=\"padding-top:0;padding-right:var(--wp--preset--spacing--30);padding-bottom:0;padding-left:var(--wp--preset--spacing--30);min-height:50px;aspect-ratio:unset;\"><img fetchpriority=\"high\" decoding=\"async\" width=\"1024\" height=\"465\" class=\"wp-block-cover__image-background wp-image-109\" alt=\"\" src=\"https:\/\/filminbrasil.com\/\/\/wp-content\/uploads\/2024\/12\/conexao-educacao-01-1024x465-1.jpg\" data-object-fit=\"cover\" srcset=\"https:\/\/filminbrasil.com\/wp-content\/uploads\/2024\/12\/conexao-educacao-01-1024x465-1.jpg 1024w, https:\/\/filminbrasil.com\/wp-content\/uploads\/2024\/12\/conexao-educacao-01-1024x465-1-300x136.jpg 300w, https:\/\/filminbrasil.com\/wp-content\/uploads\/2024\/12\/conexao-educacao-01-1024x465-1-768x349.jpg 768w, https:\/\/filminbrasil.com\/wp-content\/uploads\/2024\/12\/conexao-educacao-01-1024x465-1-600x272.jpg 600w\" sizes=\"(max-width: 1024px) 100vw, 1024px\" \/><span aria-hidden=\"true\" class=\"wp-block-cover__background has-black-background-color has-background-dim-60 has-background-dim\"><\/span><div class=\"wp-block-cover__inner-container is-layout-flow wp-block-cover-is-layout-flow\">\n<div class=\"wp-block-group\" style=\"padding-top:var(--wp--preset--spacing--60);padding-bottom:var(--wp--preset--spacing--60)\"><div class=\"wp-block-group__inner-container is-layout-constrained wp-block-group-is-layout-constrained\">\n<div class=\"wp-block-group alignwide is-content-justification-left\"><div class=\"wp-block-group__inner-container is-layout-constrained wp-container-core-group-is-layout-8c890d92 wp-block-group-is-layout-constrained\">\n<h1 class=\"wp-block-heading has-text-color has-x-large-font-size\" style=\"color:#fffffffc\">FilmInBrasil: Quem somos n\u00f3s?<\/h1>\n\n\n\n<p class=\"has-text-color\" style=\"color:#fffffffc;margin-top:16px\">FilmInBrasil \u00e9 o n\u00facleo formativo da produtora InCartaz!<\/p>\n<\/div><\/div>\n<\/div><\/div>\n<\/div><\/div>\n<\/div><\/div>\n\n\n\n<div class=\"wp-block-group alignfull has-tertiary-background-color has-background\" id=\"about\" style=\"margin-top:0;margin-bottom:0;padding-top:var(--wp--preset--spacing--60);padding-right:var(--wp--preset--spacing--30);padding-bottom:var(--wp--preset--spacing--60);padding-left:var(--wp--preset--spacing--30)\"><div class=\"wp-block-group__inner-container is-layout-constrained wp-container-core-group-is-layout-512a02c9 wp-block-group-is-layout-constrained\">\n<h2 class=\"wp-block-heading has-text-align-center has-large-font-size\">Quem somos<\/h2>\n\n\n\n<p class=\"has-text-align-left\" style=\"margin-top:16px\">Filmin Brasil \u00e9 o n\u00facleo formativo da produtora InCartaz, com programas de forma\u00e7\u00f5es populares e cursos pagos. A Escola j\u00e1 formou alunos em todo Brasil, circulando com oficinas e cursos pr\u00e1ticos.<\/p>\n\n\n\n<p class=\"has-text-align-left\">As atividades incluem a\u00e7\u00f5es gratuitas com vi\u00e9s social, tendo como objetivo democratizar a pr\u00e1tica do audiovisual e preparar profissionais competentes para o mercado, atualmente est\u00e1 em atua\u00e7\u00e3o a Escola Popular de Audiovisual da Para\u00edba (EPAP) e a Escola Popular de Audiovisual do Cariri (EPAC) cursos de longa dura\u00e7\u00e3o que variam de 200 a 400 horas de aula.<\/p>\n\n\n\n<p class=\"has-text-align-left\" style=\"margin-top:16px\">Possui uma metodologia de aprendizagem elaborada em 20 anos de experi\u00eancia no ensino, baseada no \u201caprender fazendo\u201d. Levando em considera\u00e7\u00e3o o p\u00fablico-alvo, a pedagogia \u00e9 baseada em sair da zona de conforto: a t\u00e9cnica \u00e9 ensinada por meio da pr\u00e1tica. Com professores experientes e carreiras consolidadas no ramo, cada aula traz conte\u00fados atuais, pautados nas principais demandas da \u00e1rea. O acesso a equipamentos profissionais, como: lentes, c\u00e2meras, filtros, softwares, etc, aliados aos conhecimentos adquiridos possibilitam os alunos a produzirem seus primeiros trabalhos audiovisuais e entrarem no mercado de trabalho.<\/p>\n<\/div><\/div>\n\n\n\n<div class=\"wp-block-group alignfull has-background-background-color has-background\" id=\"team\" style=\"margin-top:0;margin-bottom:0;padding-top:var(--wp--preset--spacing--60);padding-right:var(--wp--preset--spacing--30);padding-bottom:var(--wp--preset--spacing--60);padding-left:var(--wp--preset--spacing--30)\"><div class=\"wp-block-group__inner-container is-layout-constrained wp-container-core-group-is-layout-392eb801 wp-block-group-is-layout-constrained\">\n<div class=\"wp-block-columns alignwide is-layout-flex wp-container-core-columns-is-layout-30f78326 wp-block-columns-is-layout-flex\">\n<div class=\"wp-block-column is-layout-flow wp-block-column-is-layout-flow\" style=\"flex-basis:33.33%\">\n<h2 class=\"wp-block-heading has-text-align-left has-large-font-size\">Nossos escritores<\/h2>\n\n\n\n<p class=\"has-text-align-left has-small-font-size\" style=\"margin-top:16px\">Conhe\u00e7a um pouco melhor do time respons\u00e1vel pela escrita e abastecimento deste site!<\/p>\n<\/div>\n\n\n\n<div class=\"wp-block-column is-layout-flow wp-block-column-is-layout-flow\" style=\"flex-basis:66.66%\">\n<div class=\"wp-block-columns alignwide is-layout-flex wp-container-core-columns-is-layout-41e3e26a wp-block-columns-is-layout-flex\">\n<div class=\"wp-block-column is-layout-flow wp-block-column-is-layout-flow\">\n<figure class=\"wp-block-image size-full is-style-rounded\"><img decoding=\"async\" width=\"368\" height=\"683\" src=\"https:\/\/filminbrasil.com\/\/\/wp-content\/uploads\/2024\/12\/WhatsApp-Image-2024-09-13-at-11.34.14-2.jpeg\" alt=\"\" class=\"wp-image-225\" style=\"aspect-ratio:1;object-fit:cover\" srcset=\"https:\/\/filminbrasil.com\/wp-content\/uploads\/2024\/12\/WhatsApp-Image-2024-09-13-at-11.34.14-2.jpeg 368w, https:\/\/filminbrasil.com\/wp-content\/uploads\/2024\/12\/WhatsApp-Image-2024-09-13-at-11.34.14-2-162x300.jpeg 162w\" sizes=\"(max-width: 368px) 100vw, 368px\" \/><\/figure>\n\n\n\n<h4 class=\"wp-block-heading has-text-align-left\" style=\"margin-top:20px;font-size:20px\">Marcelo Paes<\/h4>\n\n\n\n<p class=\"has-text-align-left has-primary-color has-text-color has-small-font-size\" style=\"margin-top:4px\">CEO<\/p>\n<\/div>\n\n\n\n<div class=\"wp-block-column is-layout-flow wp-block-column-is-layout-flow\">\n<figure class=\"wp-block-image size-large is-style-rounded\"><img decoding=\"async\" width=\"1024\" height=\"768\" src=\"https:\/\/filminbrasil.com\/\/\/wp-content\/uploads\/2024\/12\/WhatsApp-Image-2024-12-18-at-09.55.43-1024x768.jpeg\" alt=\"\" class=\"wp-image-230\" style=\"aspect-ratio:1;object-fit:cover\" srcset=\"https:\/\/filminbrasil.com\/wp-content\/uploads\/2024\/12\/WhatsApp-Image-2024-12-18-at-09.55.43-1024x768.jpeg 1024w, https:\/\/filminbrasil.com\/wp-content\/uploads\/2024\/12\/WhatsApp-Image-2024-12-18-at-09.55.43-300x225.jpeg 300w, https:\/\/filminbrasil.com\/wp-content\/uploads\/2024\/12\/WhatsApp-Image-2024-12-18-at-09.55.43-768x576.jpeg 768w, https:\/\/filminbrasil.com\/wp-content\/uploads\/2024\/12\/WhatsApp-Image-2024-12-18-at-09.55.43-1536x1152.jpeg 1536w, https:\/\/filminbrasil.com\/wp-content\/uploads\/2024\/12\/WhatsApp-Image-2024-12-18-at-09.55.43-2048x1536.jpeg 2048w, https:\/\/filminbrasil.com\/wp-content\/uploads\/2024\/12\/WhatsApp-Image-2024-12-18-at-09.55.43-600x450.jpeg 600w\" sizes=\"(max-width: 1024px) 100vw, 1024px\" \/><\/figure>\n\n\n\n<h4 class=\"wp-block-heading has-text-align-left\" style=\"margin-top:20px;font-size:20px\">Leticia Holanda<\/h4>\n\n\n\n<p class=\"has-text-align-left has-primary-color has-text-color has-small-font-size\" style=\"margin-top:4px\">Jornalista e comunicadora<\/p>\n<\/div>\n\n\n\n<div class=\"wp-block-column is-layout-flow wp-block-column-is-layout-flow\">\n<h4 class=\"wp-block-heading has-text-align-left\" style=\"margin-top:20px;font-size:20px\"><\/h4>\n\n\n\n<p class=\"has-text-align-left has-primary-color has-text-color has-small-font-size\" style=\"margin-top:4px\"><\/p>\n<\/div>\n<\/div>\n<\/div>\n<\/div>\n<\/div><\/div>\n","protected":false},"excerpt":{"rendered":"<p>Quem somos Filmin Brasil \u00e9 o n\u00facleo formativo da produtora InCartaz, com programas de forma\u00e7\u00f5es populares e cursos pagos. A Escola j\u00e1 formou alunos em todo Brasil, circulando com oficinas e cursos pr\u00e1ticos. As atividades incluem a\u00e7\u00f5es gratuitas com vi\u00e9s social, tendo como objetivo democratizar a pr\u00e1tica do audiovisual e preparar profissionais competentes para o&#8230;<\/p>\n","protected":false},"author":1,"featured_media":0,"parent":0,"menu_order":0,"comment_status":"closed","ping_status":"closed","template":"","meta":{"footnotes":""},"class_list":["post-12","page","type-page","status-publish","hentry"],"aioseo_notices":[],"_links":{"self":[{"href":"https:\/\/filminbrasil.com\/index.php?rest_route=\/wp\/v2\/pages\/12","targetHints":{"allow":["GET"]}}],"collection":[{"href":"https:\/\/filminbrasil.com\/index.php?rest_route=\/wp\/v2\/pages"}],"about":[{"href":"https:\/\/filminbrasil.com\/index.php?rest_route=\/wp\/v2\/types\/page"}],"author":[{"embeddable":true,"href":"https:\/\/filminbrasil.com\/index.php?rest_route=\/wp\/v2\/users\/1"}],"replies":[{"embeddable":true,"href":"https:\/\/filminbrasil.com\/index.php?rest_route=%2Fwp%2Fv2%2Fcomments&post=12"}],"version-history":[{"count":9,"href":"https:\/\/filminbrasil.com\/index.php?rest_route=\/wp\/v2\/pages\/12\/revisions"}],"predecessor-version":[{"id":560,"href":"https:\/\/filminbrasil.com\/index.php?rest_route=\/wp\/v2\/pages\/12\/revisions\/560"}],"wp:attachment":[{"href":"https:\/\/filminbrasil.com\/index.php?rest_route=%2Fwp%2Fv2%2Fmedia&parent=12"}],"curies":[{"name":"wp","href":"https:\/\/api.w.org\/{rel}","templated":true}]}}