{"id":14,"date":"2024-12-13T12:37:52","date_gmt":"2024-12-13T12:37:52","guid":{"rendered":"https:\/\/filminbrasil.com\/portfolio\/"},"modified":"2025-04-28T18:59:32","modified_gmt":"2025-04-28T18:59:32","slug":"portfolio","status":"publish","type":"page","link":"https:\/\/filminbrasil.com\/?page_id=14","title":{"rendered":"Editorial"},"content":{"rendered":"\n<div class=\"wp-block-group alignfull has-background-background-color has-background\" style=\"margin-top:0;margin-bottom:0;padding-top:0;padding-right:0;padding-bottom:0;padding-left:0\"><div class=\"wp-block-group__inner-container is-layout-constrained wp-container-core-group-is-layout-cf14dc92 wp-block-group-is-layout-constrained\">\n<div class=\"wp-block-cover alignfull\" style=\"padding-top:0;padding-right:var(--wp--preset--spacing--30);padding-bottom:0;padding-left:var(--wp--preset--spacing--30);min-height:50px;aspect-ratio:unset;\"><img fetchpriority=\"high\" decoding=\"async\" width=\"550\" height=\"330\" class=\"wp-block-cover__image-background wp-image-112\" alt=\"\" src=\"https:\/\/filminbrasil.com\/\/\/wp-content\/uploads\/2024\/12\/curso-a-distancia-mostra-em-detalhes-todos-os-passos-da-producao-editorial.jpeg\" data-object-fit=\"cover\" srcset=\"https:\/\/filminbrasil.com\/wp-content\/uploads\/2024\/12\/curso-a-distancia-mostra-em-detalhes-todos-os-passos-da-producao-editorial.jpeg 550w, https:\/\/filminbrasil.com\/wp-content\/uploads\/2024\/12\/curso-a-distancia-mostra-em-detalhes-todos-os-passos-da-producao-editorial-300x180.jpeg 300w\" sizes=\"(max-width: 550px) 100vw, 550px\" \/><span aria-hidden=\"true\" class=\"wp-block-cover__background has-black-background-color has-background-dim-60 has-background-dim\"><\/span><div class=\"wp-block-cover__inner-container is-layout-flow wp-block-cover-is-layout-flow\">\n<div class=\"wp-block-group\" style=\"padding-top:var(--wp--preset--spacing--60);padding-bottom:var(--wp--preset--spacing--60)\"><div class=\"wp-block-group__inner-container is-layout-constrained wp-block-group-is-layout-constrained\">\n<div class=\"wp-block-group alignwide is-content-justification-left\"><div class=\"wp-block-group__inner-container is-layout-constrained wp-container-core-group-is-layout-8c890d92 wp-block-group-is-layout-constrained\">\n<h1 class=\"wp-block-heading has-text-color has-x-large-font-size\" style=\"color:#fffffffc\">Entenda melhor<\/h1>\n\n\n\n<p class=\"has-text-color\" style=\"color:#fffffffc;margin-top:16px\"><\/p>\n<\/div><\/div>\n<\/div><\/div>\n<\/div><\/div>\n<\/div><\/div>\n\n\n\n<div class=\"wp-block-group alignfull has-tertiary-background-color has-background\" id=\"portfolio\" style=\"margin-top:0;margin-bottom:0;padding-top:var(--wp--preset--spacing--60);padding-right:var(--wp--preset--spacing--30);padding-bottom:var(--wp--preset--spacing--60);padding-left:var(--wp--preset--spacing--30)\"><div class=\"wp-block-group__inner-container is-layout-constrained wp-container-core-group-is-layout-392eb801 wp-block-group-is-layout-constrained\">\n<div class=\"wp-block-group alignwide is-content-justification-left\"><div class=\"wp-block-group__inner-container is-layout-constrained wp-container-core-group-is-layout-eded1d97 wp-block-group-is-layout-constrained\">\n<h2 class=\"wp-block-heading has-text-align-left has-large-font-size\">Editorial<\/h2>\n\n\n\n<p class=\"has-text-align-left\" style=\"margin-top:16px\">O portal Filmin Brasil tem como objetivo enaltecer e divulgar o audiovisual brasileiro, criado para ser um espa\u00e7o que sirva de fonte de informa\u00e7\u00e3o para aqueles que trabalham no mercado audiovisual nacional e tamb\u00e9m para os apaixonados por cinema brasileiro que querem saber mais sobre o assunto.<\/p>\n\n\n\n<p><br>Ap\u00f3s mais de uma d\u00e9cada desde que surgiu a ideia de criar um portal sobre o audiovisual brasileiro continuamos aqui. No processo, tivemos idas e vindas, e descobrimos que produzir cinema \u00e9 desafiador e \u00e9 preciso pensar na melhor maneira de falar sobre os bastidores das produ\u00e7\u00f5es. Apesar dos problemas enfrentados no cinema brasileiro, o processo \u00e9 gratificante e podemos fortalecer nossa(s) identidade(s) brasileira(s) atrav\u00e9s da s\u00e9tima arte. Uma cultura plural, pois somos talvez o povo mais diversificado do mundo inteiro.<\/p>\n\n\n\n<p><br>Agora com mais uma reformula\u00e7\u00e3o, tendo sempre como objetivo levar as not\u00edcias do audiovisual para o maior n\u00famero de pessoas poss\u00edveis de maneira acess\u00edvel, com uma linguagem clara e de f\u00e1cil entendimento para que mesmo quem n\u00e3o entende tanto da parte t\u00e9cnica possa ficar por aqui e se informar sobre as novidades do cinema brasileiro.<\/p>\n<\/div><\/div>\n<\/div><\/div>\n\n\n\n<div class=\"wp-block-group alignwide is-content-justification-left\"><div class=\"wp-block-group__inner-container is-layout-constrained wp-container-core-group-is-layout-54edef32 wp-block-group-is-layout-constrained\">\n<h1 class=\"wp-block-heading\" style=\"margin-top:12px\">O audiovisual brasileiro levado a s\u00e9rio<\/h1>\n<\/div><\/div>\n\n\n\n<div class=\"wp-block-columns alignwide is-layout-flex wp-container-core-columns-is-layout-019f8f99 wp-block-columns-is-layout-flex\">\n<div class=\"wp-block-column is-layout-flow wp-block-column-is-layout-flow\">\n<figure class=\"wp-block-image size-large\"><img decoding=\"async\" width=\"1024\" height=\"576\" src=\"https:\/\/filminbrasil.com\/\/\/wp-content\/uploads\/2024\/12\/A_Costureira-Foto-LuiznaNuvem-225-1024x576.jpg\" alt=\"\" class=\"wp-image-233\" style=\"aspect-ratio:16\/9;object-fit:cover\" srcset=\"https:\/\/filminbrasil.com\/wp-content\/uploads\/2024\/12\/A_Costureira-Foto-LuiznaNuvem-225-1024x576.jpg 1024w, https:\/\/filminbrasil.com\/wp-content\/uploads\/2024\/12\/A_Costureira-Foto-LuiznaNuvem-225-300x169.jpg 300w, https:\/\/filminbrasil.com\/wp-content\/uploads\/2024\/12\/A_Costureira-Foto-LuiznaNuvem-225-768x432.jpg 768w, https:\/\/filminbrasil.com\/wp-content\/uploads\/2024\/12\/A_Costureira-Foto-LuiznaNuvem-225-1536x864.jpg 1536w, https:\/\/filminbrasil.com\/wp-content\/uploads\/2024\/12\/A_Costureira-Foto-LuiznaNuvem-225-2048x1152.jpg 2048w, https:\/\/filminbrasil.com\/wp-content\/uploads\/2024\/12\/A_Costureira-Foto-LuiznaNuvem-225-600x338.jpg 600w\" sizes=\"(max-width: 1024px) 100vw, 1024px\" \/><\/figure>\n\n\n\n<figure class=\"wp-block-image size-large\"><img decoding=\"async\" width=\"1024\" height=\"683\" src=\"https:\/\/filminbrasil.com\/\/\/wp-content\/uploads\/2024\/12\/A_Costureira-Foto-LuiznaNuvem-241-1024x683.jpg\" alt=\"\" class=\"wp-image-239\" style=\"aspect-ratio:1;object-fit:cover\" srcset=\"https:\/\/filminbrasil.com\/wp-content\/uploads\/2024\/12\/A_Costureira-Foto-LuiznaNuvem-241-1024x683.jpg 1024w, https:\/\/filminbrasil.com\/wp-content\/uploads\/2024\/12\/A_Costureira-Foto-LuiznaNuvem-241-300x200.jpg 300w, https:\/\/filminbrasil.com\/wp-content\/uploads\/2024\/12\/A_Costureira-Foto-LuiznaNuvem-241-768x512.jpg 768w, https:\/\/filminbrasil.com\/wp-content\/uploads\/2024\/12\/A_Costureira-Foto-LuiznaNuvem-241-1536x1024.jpg 1536w, https:\/\/filminbrasil.com\/wp-content\/uploads\/2024\/12\/A_Costureira-Foto-LuiznaNuvem-241-2048x1365.jpg 2048w, https:\/\/filminbrasil.com\/wp-content\/uploads\/2024\/12\/A_Costureira-Foto-LuiznaNuvem-241-600x400.jpg 600w\" sizes=\"(max-width: 1024px) 100vw, 1024px\" \/><\/figure>\n<\/div>\n\n\n\n<div class=\"wp-block-column is-layout-flow wp-block-column-is-layout-flow\">\n<figure class=\"wp-block-image size-large\"><img loading=\"lazy\" decoding=\"async\" width=\"1024\" height=\"683\" src=\"https:\/\/filminbrasil.com\/\/\/wp-content\/uploads\/2024\/12\/A_Costureira-Foto-LuiznaNuvem-224-1-1024x683.jpg\" alt=\"\" class=\"wp-image-241\" style=\"aspect-ratio:1;object-fit:cover\" srcset=\"https:\/\/filminbrasil.com\/wp-content\/uploads\/2024\/12\/A_Costureira-Foto-LuiznaNuvem-224-1-1024x683.jpg 1024w, https:\/\/filminbrasil.com\/wp-content\/uploads\/2024\/12\/A_Costureira-Foto-LuiznaNuvem-224-1-300x200.jpg 300w, https:\/\/filminbrasil.com\/wp-content\/uploads\/2024\/12\/A_Costureira-Foto-LuiznaNuvem-224-1-768x512.jpg 768w, https:\/\/filminbrasil.com\/wp-content\/uploads\/2024\/12\/A_Costureira-Foto-LuiznaNuvem-224-1-1536x1024.jpg 1536w, https:\/\/filminbrasil.com\/wp-content\/uploads\/2024\/12\/A_Costureira-Foto-LuiznaNuvem-224-1-2048x1365.jpg 2048w, https:\/\/filminbrasil.com\/wp-content\/uploads\/2024\/12\/A_Costureira-Foto-LuiznaNuvem-224-1-600x400.jpg 600w\" sizes=\"(max-width: 1024px) 100vw, 1024px\" \/><\/figure>\n\n\n\n<figure class=\"wp-block-image size-large\"><img loading=\"lazy\" decoding=\"async\" width=\"1024\" height=\"576\" src=\"https:\/\/filminbrasil.com\/\/\/wp-content\/uploads\/2024\/12\/A_Costureira-Foto-LuiznaNuvem-176-2-1024x576.jpg\" alt=\"\" class=\"wp-image-238\" style=\"aspect-ratio:16\/9;object-fit:cover\" srcset=\"https:\/\/filminbrasil.com\/wp-content\/uploads\/2024\/12\/A_Costureira-Foto-LuiznaNuvem-176-2-1024x576.jpg 1024w, https:\/\/filminbrasil.com\/wp-content\/uploads\/2024\/12\/A_Costureira-Foto-LuiznaNuvem-176-2-300x169.jpg 300w, https:\/\/filminbrasil.com\/wp-content\/uploads\/2024\/12\/A_Costureira-Foto-LuiznaNuvem-176-2-768x432.jpg 768w, https:\/\/filminbrasil.com\/wp-content\/uploads\/2024\/12\/A_Costureira-Foto-LuiznaNuvem-176-2-1536x864.jpg 1536w, https:\/\/filminbrasil.com\/wp-content\/uploads\/2024\/12\/A_Costureira-Foto-LuiznaNuvem-176-2-2048x1152.jpg 2048w, https:\/\/filminbrasil.com\/wp-content\/uploads\/2024\/12\/A_Costureira-Foto-LuiznaNuvem-176-2-600x338.jpg 600w\" sizes=\"(max-width: 1024px) 100vw, 1024px\" \/><\/figure>\n<\/div>\n<\/div>\n\n\n\n<div class=\"wp-block-group alignwide is-content-justification-left\"><div class=\"wp-block-group__inner-container is-layout-constrained wp-container-core-group-is-layout-54edef32 wp-block-group-is-layout-constrained\">\n<p style=\"margin-top:16px\">Fique por dentro de tudo que acontece no audiovisual brasileiro!<\/p>\n\n\n\n<div class=\"wp-block-buttons is-layout-flex wp-block-buttons-is-layout-flex\" style=\"margin-top:var(--wp--preset--spacing--30)\">\n<div class=\"wp-block-button is-style-outline is-style-outline--1\"><a class=\"wp-block-button__link wp-element-button\" href=\"\/resources\">Descubra mais<\/a><\/div>\n<\/div>\n<\/div><\/div>\n\n\n\n<div class=\"wp-block-group alignfull has-tertiary-background-color has-background\" id=\"blog\" style=\"margin-top:0;margin-bottom:0;padding-top:var(--wp--preset--spacing--60);padding-right:var(--wp--preset--spacing--30);padding-bottom:var(--wp--preset--spacing--60);padding-left:var(--wp--preset--spacing--30)\"><div class=\"wp-block-group__inner-container is-layout-constrained wp-container-core-group-is-layout-bcbd3fab wp-block-group-is-layout-constrained\">\n<div class=\"wp-block-columns alignwide is-layout-flex wp-container-core-columns-is-layout-9d6595d7 wp-block-columns-is-layout-flex\">\n<div class=\"wp-block-column is-layout-flow wp-block-column-is-layout-flow\" style=\"flex-basis:33.33%\">\n<h2 class=\"wp-block-heading has-large-font-size\">As \u00faltimas not\u00edcias dos bastidores do audiovisual<\/h2>\n<\/div>\n\n\n\n<div class=\"wp-block-column is-layout-flow wp-block-column-is-layout-flow\" style=\"flex-basis:66.66%\">\n<div class=\"wp-block-columns alignwide is-layout-flex wp-container-core-columns-is-layout-9d6595d7 wp-block-columns-is-layout-flex\">\n<div class=\"wp-block-column is-layout-flow wp-block-column-is-layout-flow\">\n<div class=\"wp-block-group\"><div class=\"wp-block-group__inner-container is-layout-constrained wp-block-group-is-layout-constrained\">\n<figure class=\"wp-block-image size-large\"><img loading=\"lazy\" decoding=\"async\" width=\"1024\" height=\"576\" src=\"https:\/\/filminbrasil.com\/\/\/wp-content\/uploads\/2024\/12\/A_Costureira-Foto-LuiznaNuvem-114-1024x576.jpg\" alt=\"\" class=\"wp-image-243\" style=\"aspect-ratio:16\/9;object-fit:cover\" srcset=\"https:\/\/filminbrasil.com\/wp-content\/uploads\/2024\/12\/A_Costureira-Foto-LuiznaNuvem-114-1024x576.jpg 1024w, https:\/\/filminbrasil.com\/wp-content\/uploads\/2024\/12\/A_Costureira-Foto-LuiznaNuvem-114-300x169.jpg 300w, https:\/\/filminbrasil.com\/wp-content\/uploads\/2024\/12\/A_Costureira-Foto-LuiznaNuvem-114-768x432.jpg 768w, https:\/\/filminbrasil.com\/wp-content\/uploads\/2024\/12\/A_Costureira-Foto-LuiznaNuvem-114-1536x864.jpg 1536w, https:\/\/filminbrasil.com\/wp-content\/uploads\/2024\/12\/A_Costureira-Foto-LuiznaNuvem-114-2048x1152.jpg 2048w, https:\/\/filminbrasil.com\/wp-content\/uploads\/2024\/12\/A_Costureira-Foto-LuiznaNuvem-114-600x338.jpg 600w\" sizes=\"(max-width: 1024px) 100vw, 1024px\" \/><\/figure>\n\n\n\n<p class=\"has-small-font-size\" style=\"margin-top:12px\"><\/p>\n<\/div><\/div>\n<\/div>\n\n\n\n<div class=\"wp-block-column is-layout-flow wp-block-column-is-layout-flow\">\n<div class=\"wp-block-group\"><div class=\"wp-block-group__inner-container is-layout-constrained wp-block-group-is-layout-constrained\">\n<figure class=\"wp-block-image size-large\"><img loading=\"lazy\" decoding=\"async\" width=\"1024\" height=\"576\" src=\"https:\/\/filminbrasil.com\/\/\/wp-content\/uploads\/2024\/12\/A_Costureira-Foto-LuiznaNuvem-105-1024x576.jpg\" alt=\"\" class=\"wp-image-244\" style=\"aspect-ratio:16\/9;object-fit:cover\" srcset=\"https:\/\/filminbrasil.com\/wp-content\/uploads\/2024\/12\/A_Costureira-Foto-LuiznaNuvem-105-1024x576.jpg 1024w, https:\/\/filminbrasil.com\/wp-content\/uploads\/2024\/12\/A_Costureira-Foto-LuiznaNuvem-105-300x169.jpg 300w, https:\/\/filminbrasil.com\/wp-content\/uploads\/2024\/12\/A_Costureira-Foto-LuiznaNuvem-105-768x432.jpg 768w, https:\/\/filminbrasil.com\/wp-content\/uploads\/2024\/12\/A_Costureira-Foto-LuiznaNuvem-105-1536x864.jpg 1536w, https:\/\/filminbrasil.com\/wp-content\/uploads\/2024\/12\/A_Costureira-Foto-LuiznaNuvem-105-2048x1152.jpg 2048w, https:\/\/filminbrasil.com\/wp-content\/uploads\/2024\/12\/A_Costureira-Foto-LuiznaNuvem-105-600x338.jpg 600w\" sizes=\"(max-width: 1024px) 100vw, 1024px\" \/><\/figure>\n\n\n\n<p class=\"has-primary-color has-text-color has-link-color has-small-font-size wp-elements-0dcf785fcf2673dba6fd301c3497fdbd\"><\/p>\n<\/div><\/div>\n<\/div>\n<\/div>\n<\/div>\n<\/div>\n\n\n\n<p style=\"font-size:18px\">Fique por dentro de not\u00edcias e tend\u00eancias que acontecem no audiovisual brasileiro.<\/p>\n<\/div><\/div>\n\n\n\n<div class=\"wp-block-group alignfull has-background-background-color has-background\" id=\"about\" style=\"margin-top:0;margin-bottom:0;padding-top:var(--wp--preset--spacing--60);padding-right:var(--wp--preset--spacing--30);padding-bottom:var(--wp--preset--spacing--60);padding-left:var(--wp--preset--spacing--30)\"><div class=\"wp-block-group__inner-container is-layout-constrained wp-container-core-group-is-layout-392eb801 wp-block-group-is-layout-constrained\">\n<h2 class=\"wp-block-heading has-text-align-center has-large-font-size\">FilmInBrasil: Sua janela para o audiovisual brasileiro<\/h2>\n\n\n\n<p class=\"has-text-align-center\" style=\"margin-top:16px\">FilmInBrasil: Mergulhe no cora\u00e7\u00e3o da ind\u00fastria audiovisual brasileira atrav\u00e9s de not\u00edcias, an\u00e1lises de experts e as \u00faltimas atualiza\u00e7\u00f5es. Explore nosso portal para uma vis\u00e3o compreensiva da vibrante cena audiovisual brasileira.<\/p>\n<\/div><\/div>\n\n\n\n<div class=\"wp-block-group alignfull has-tertiary-background-color has-background\" id=\"contact\" style=\"margin-top:0;margin-bottom:0;padding-top:var(--wp--preset--spacing--60);padding-right:var(--wp--preset--spacing--30);padding-bottom:var(--wp--preset--spacing--60);padding-left:var(--wp--preset--spacing--30)\"><div class=\"wp-block-group__inner-container is-layout-constrained wp-container-core-group-is-layout-392eb801 wp-block-group-is-layout-constrained\">\n<div class=\"wp-block-columns alignwide is-layout-flex wp-container-core-columns-is-layout-30f78326 wp-block-columns-is-layout-flex\">\n<div class=\"wp-block-column is-layout-flow wp-block-column-is-layout-flow\" style=\"flex-basis:50%\">\n<figure class=\"wp-block-image size-full\"><img loading=\"lazy\" decoding=\"async\" width=\"960\" height=\"640\" src=\"https:\/\/filminbrasil.com\/\/\/wp-content\/uploads\/2024\/12\/309878994_542850381175707_9195972283376519794_n.jpg\" alt=\"\" class=\"wp-image-122\" style=\"aspect-ratio:4\/3;object-fit:cover\" srcset=\"https:\/\/filminbrasil.com\/wp-content\/uploads\/2024\/12\/309878994_542850381175707_9195972283376519794_n.jpg 960w, https:\/\/filminbrasil.com\/wp-content\/uploads\/2024\/12\/309878994_542850381175707_9195972283376519794_n-300x200.jpg 300w, https:\/\/filminbrasil.com\/wp-content\/uploads\/2024\/12\/309878994_542850381175707_9195972283376519794_n-768x512.jpg 768w, https:\/\/filminbrasil.com\/wp-content\/uploads\/2024\/12\/309878994_542850381175707_9195972283376519794_n-600x400.jpg 600w\" sizes=\"(max-width: 960px) 100vw, 960px\" \/><\/figure>\n\n\n\n<div class=\"wp-block-group has-background-background-color has-background\" style=\"padding-top:var(--wp--preset--spacing--30);padding-right:24px;padding-bottom:var(--wp--preset--spacing--30);padding-left:24px\"><div class=\"wp-block-group__inner-container is-layout-constrained wp-container-core-group-is-layout-6a81b5f5 wp-block-group-is-layout-constrained\">\n<p>&#8220;O Portal FilmInBrasil \u00e9 um sonho antigo, de entender e divulgar a riqueza que \u00e9 o audiovisual brasileiro, tanto dentro do pr\u00f3prio Brasil, como fora.&#8221;<\/p>\n\n\n\n<div class=\"wp-block-group is-nowrap is-layout-flex wp-container-core-group-is-layout-9510437d wp-block-group-is-layout-flex\">\n<div class=\"wp-block-group\"><div class=\"wp-block-group__inner-container is-layout-constrained wp-block-group-is-layout-constrained\">\n<h4 class=\"wp-block-heading has-text-align-left has-medium-font-size\">Marcelo Paes de Carvalho<\/h4>\n\n\n\n<p class=\"has-text-align-left has-small-font-size\" style=\"margin-top:2px\">Editor Chefe<\/p>\n<\/div><\/div>\n<\/div>\n<\/div><\/div>\n<\/div>\n\n\n\n<div class=\"wp-block-column is-layout-flow wp-block-column-is-layout-flow\" style=\"flex-basis:50%\">\n<h2 class=\"wp-block-heading has-large-font-size\">Explore o portal FilmInBrasil para todos insights sobre a cria\u00e7\u00e3o audiovisual brasileira.<\/h2>\n\n\n\n<p class=\"has-medium-font-size\"><\/p>\n\n\n\n<p class=\"has-medium-font-size\" style=\"margin-top:8px\">filminbrasil@incartaz.com<\/p>\n<\/div>\n<\/div>\n<\/div><\/div>\n\n\n\n<p><\/p>\n","protected":false},"excerpt":{"rendered":"<p>Editorial O portal Filmin Brasil tem como objetivo enaltecer e divulgar o audiovisual brasileiro, criado para ser um espa\u00e7o que sirva de fonte de informa\u00e7\u00e3o para aqueles que trabalham no mercado audiovisual nacional e tamb\u00e9m para os apaixonados por cinema brasileiro que querem saber mais sobre o assunto. Ap\u00f3s mais de uma d\u00e9cada desde que&#8230;<\/p>\n","protected":false},"author":1,"featured_media":0,"parent":0,"menu_order":0,"comment_status":"closed","ping_status":"closed","template":"","meta":{"footnotes":""},"class_list":["post-14","page","type-page","status-publish","hentry"],"aioseo_notices":[],"_links":{"self":[{"href":"https:\/\/filminbrasil.com\/index.php?rest_route=\/wp\/v2\/pages\/14","targetHints":{"allow":["GET"]}}],"collection":[{"href":"https:\/\/filminbrasil.com\/index.php?rest_route=\/wp\/v2\/pages"}],"about":[{"href":"https:\/\/filminbrasil.com\/index.php?rest_route=\/wp\/v2\/types\/page"}],"author":[{"embeddable":true,"href":"https:\/\/filminbrasil.com\/index.php?rest_route=\/wp\/v2\/users\/1"}],"replies":[{"embeddable":true,"href":"https:\/\/filminbrasil.com\/index.php?rest_route=%2Fwp%2Fv2%2Fcomments&post=14"}],"version-history":[{"count":8,"href":"https:\/\/filminbrasil.com\/index.php?rest_route=\/wp\/v2\/pages\/14\/revisions"}],"predecessor-version":[{"id":442,"href":"https:\/\/filminbrasil.com\/index.php?rest_route=\/wp\/v2\/pages\/14\/revisions\/442"}],"wp:attachment":[{"href":"https:\/\/filminbrasil.com\/index.php?rest_route=%2Fwp%2Fv2%2Fmedia&parent=14"}],"curies":[{"name":"wp","href":"https:\/\/api.w.org\/{rel}","templated":true}]}}